t y(u) = -u**3 + 10*u**2 - u + 13. Let s(j) = -j**2 - 1. Suppose 5*i - 2*t - 6 = 0, -3*t + 2*t + 6 = 2*i. Let o(z) = i*s(z) + y(z). Calculate o(8).
3
Let q(r) = r**2 + 5*r - 13. Suppose -2*t = 5*c - 13, 5*t + 33 = 2*t + 3*c. Calculate q(t).
-7
Let k(v) = -2*v**3 + 10*v**2 + 2*v - 10. Let u be k(5). Let g(i) be the second derivative of -i**4/12 + 5*i**2/2 - 2*i. Determine g(u).
5
Let x(p) be the first derivative of -3/2*p**2 - 17 + 5*p. Give x(4).
-7
Suppose -162*a + 157*a - k = 0, -4*a - 3*k = 0. Let n(m) be the third derivative of -7/6*m**3 + a + 0*m + 1/6*m**4 + 6*m**2. What is n(5)?
13
Let x(l) be the third derivative of 5*l**4/12 + 40*l**2. Suppose 4*a - 15 = -5*t, 24 = a + 4*a + t. Suppose 0 = 4*b - a + 1. Give x(b).
10
Let a(u) be the third derivative of -u**6/120 - u**5/20 + 5*u**4/24 - u**3/2 + 2*u**2. Let z(m) = -m - m + 3*m - 10 - 2*m. Let g be z(-6). Calculate a(g).
-7
Suppose 13*j - 3*j = -100. Let w be ((-18)/j)/(8/(240/(-6))). Let l(p) = -p**3 - 10*p**2 - 8*p - 3. What is l(w)?
-12
Let v(h) = -2*h - 1. Let w(l) = -l - 12. Let j be w(-11). Let q be 0 + (8 - (5 + j)). Let n be (-72)/(-56) + q/(-14). Give v(n).
-3
Let n be -1 + (-8 - (3 + -1)). Let o be 8/(-40) + n/(-5). Let x = o - 1. Let y(w) = w. What is y(x)?
1
Suppose 27 + 9 = 3*j. Suppose 33 - 29 = 2*t. Suppose -2*q + f + 14 = 0, -q - t = f - j. Let r(k) = k**3 - 9*k**2 + 10*k - 11. Give r(q).
5
Let h(n) = n**2 - 2*n - 1. Suppose -1 = x - 4. Suppose a + 9 = 2*a - 5*v, 2*a + x*v = -8. What is h(a)?
2
Suppose -4 = -56*t + 55*t. Let g(y) = -y**2 + 5. Give g(t).
-11
Suppose q - f = -4*q - 1, 5 = -4*q + 5*f. Suppose -3*a + u = 4*u + 9, q = -5*a - 2*u. Let c(d) = 15 - d**3 - 13 + 5*d + 5*d**2 + a*d**3. Determine c(-4).
-2
Suppose -38 = -3*u - 0*s - 5*s, 4*u = -2*s + 32. Let p(o) = -o + 3. Calculate p(u).
-3
Let w(i) = 2*i**3 - 8*i**2 + 12*i - 1. Let j(a) = 3*a**3 - 18*a**2 + 25*a. Let o(h) = 3*j(h) - 5*w(h). What is o(-15)?
5
Let u be ((-6)/5)/(4/(-20)). Let r be u + -4 - (-2)/2. Let j(c) = -31322*c - 3*c**2 + 2 + 31322*c - 2*c**3 + 3*c**3. Determine j(r).
2
Let b be 5/(-5)*4/(-1). Let m(t) be the second derivative of -1/3*t**4 - t + 0 + 1/20*t**5 - 3/2*t**2 - 1/6*t**3. Give m(b).
-7
Let q(l) = 2*l + 7 - l + 0. Suppose 0 = -33*c + 31*c - 10. Calculate q(c).
2
Let b(f) be the first derivative of -f**2/2 + f + 38. Determine b(4).
-3
Suppose -5*y - 2*c = 14, -3*y + 4*c = -1 - 1. Let l be ((-1)/y)/((-2)/(-12)). Let b(m) = 4*m**2 + 4 + 0*m**2 + m - l*m - 3*m**2. Calculate b(3).
7
Suppose -5*p - 59 = g, -3*p + 13 - 45 = 4*g. Let x(k) = k**3 + 11*k**2 - 12*k - 4. Let b be x(p). Let u(m) = m**3 + 5*m**2 + m - 4. Calculate u(b).
8
Let w be 40/(-7) - (-8)/(-28). Let v(r) = 5*r - 10. Let n(f) = -14*f + 32. Let m(s) = w*n(s) - 17*v(s). Give m(0).
-22
Let l(c) be the third derivative of -17*c**2 + 0*c - 1/24*c**4 + 0 - 5/6*c**3. What is l(-6)?
1
Let b(v) = v**3 + 3*v**2 - 3. Let k be 2*(-2)/(-12) - (-71)/3. Let z = -27 + k. Calculate b(z).
-3
Let r(d) = -d**2 - 7*d + 7. Let s be r(-7). Suppose 12 = 2*p + 3*f, -p - 2*f = -s*f + 7. Let t(a) = -3 - 2*a + p*a + 3 - 1. Calculate t(1).
0
Let x(n) be the third derivative of -n**4/4 + n**3/3 + 51*n**2. Give x(3).
-16
Let a(o) = o**2 - 4*o + 2. Let n(p) be the second derivative of -1/3*p**3 - 4*p**2 + 0 - 4*p. Let z be n(-6). Calculate a(z).
2
Let q(x) = -x**2 - 17*x - 12. Let g be q(-16). Suppose p - 6 = -t, -g*t + t + 13 = 2*p. Let u(f) = 2*f - 3. Calculate u(p).
7
Let v = 19 + -13. Suppose -n - 2*q - 24 = -v*n, -5*n - 5*q = -10. Let l(y) = y**2 - 3*y + 3. Give l(n).
7
Suppose 4*p = -4*m + 80, -2*p + 0*p = 5*m - 49. Let z(j) = j**3 - 16*j**2 - 17*j + 2. Determine z(p).
2
Let o(k) = 4 + 0 + 0 - 2*k**3 - 5 + k. Suppose 0 = i - 5. Suppose -r + i - 4 = 0, 0 = 3*j - r - 2. Calculate o(j).
-2
Let c(p) = p**3 - 9*p**2 - 2*p - 2. Let o be c(9). Let u be ((-9)/6)/(2/o). Suppose -j = -3*a + 2*j - 27, -3*j + u = -a. Let b(m) = m + 11. Give b(a).
5
Let x(h) = -3*h**2 - 9*h - 4. Let r(v) = -v**2 - 5*v - 1. Let k(g) = -7*r(g) + 3*x(g). What is k(6)?
-29
Let l(k) = -k**2 + 2*k + 4. Let j(w) = -2*w**2 - 10*w - 5. Let u be j(-4). Let c(i) = -6*i + 8*i - u*i. Let v(m) = 2*c(m) - l(m). What is v(5)?
1
Let p(q) = -q**2 + 6*q + 6. Let i = 1534 - 1525. Calculate p(i).
-21
Let q(r) = -5*r + 5 + 4*r - 2 + 2*r. Let d = 6 - 9. Give q(d).
0
Let i(w) = w + 1. Let n(j) = -j**2 + 6*j - 4. Let z(s) = -3*s + 7. Let h be z(3). Let l(o) = h*i(o) + n(o). What is l(5)?
-11
Let a(k) = k**3 + 12*k**2 - 14*k - 5. Let t(o) = -o**2 - 3*o + 5. Let x be t(-6). What is a(x)?
8
Let x(t) = -7*t**3 - 22*t**2 + 35*t - 73. Let q(o) = 3*o**3 + 11*o**2 - 17*o + 35. Let c(k) = -9*q(k) - 4*x(k). What is c(10)?
7
Let h(w) = 3*w + 189*w**2 + w**3 + 0*w - 193*w**2 - 4 + 1. What is h(4)?
9
Let d(o) be the first derivative of 2*o**3/3 - o**2 + o - 142. Determine d(4).
25
Let c(j) be the first derivative of -3*j**2/2 + 18*j + 3. Let i be c(8). Let y(g) = g**3 + 6*g**2 + 3*g + 9. What is y(i)?
-9
Let w(m) = 6 - 8*m - m - 7*m + 2*m**2 + m**2 - 2*m**2. Give w(15).
-9
Suppose 8*y = 37 - 29. Let f(h) = 21*h + 4. Calculate f(y).
25
Let h = -73 - -78. Let g(f) = -f**3 + 6*f**2 - 3*f - 1. Determine g(h).
9
Let s be 94/6 - 2/3. Let t = s - 9. Let x(b) = b**3 + 0*b**3 - 26*b**2 + 21*b**2 + t - 7*b. Determine x(6).
0
Let m = 10 - 15. Let n be m*5*(-5)/(-25). Let x(z) = -z - 9. Determine x(n).
-4
Suppose -2*a - 3*a = 15. Let q(b) be the first derivative of -b**4/4 - b**3 + b**2/2 + 2*b - 1973. What is q(a)?
-1
Let a(f) be the second derivative of f**8/6720 - f**7/315 + f**6/90 - 3*f**5/40 + f**4/6 + 32*f. Let h(g) be the third derivative of a(g). Give h(7).
-2
Suppose 10*a = 4*a + 24. Let f = a - 4. Let t be f - (-1 + (2 - 1)). Let d(g) = -g**3 + g**2 + g - 4. Determine d(t).
-4
Let s(o) = -3*o - 18 + 20*o**2 + 15 + 9*o. Let r(h) = 7*h**2 + 2*h - 1. Let z(p) = 17*r(p) - 6*s(p). Calculate z(-5).
-14
Let q(z) = -3*z**3 - 21*z**2 - 9*z + 18. Let r(b) = b**3 + 10*b**2 + 4*b - 9. Let k(g) = 2*q(g) + 5*r(g). Calculate k(8).
7
Let k(j) be the second derivative of -j**3/6 - 2*j**2 + j. Suppose 12*d - 17*d + 4*f + 4 = 0, 18 = 3*d - 5*f. What is k(d)?
0
Let l(i) = i**2 + 4*i - 4. Let w be (-10)/(-50) - (-899)/5. Suppose 0 = -3*m + w - 12. Let u be 1/(-5) - m/20. What is l(u)?
-7
Let o(y) be the first derivative of -2*y**3/3 - 5*y**2/2 + 3*y + 80. Give o(4).
-49
Suppose 2*b - a = -1, 16*b + 5 = 20*b + 5*a. Let n(t) = -t**2 - t + 34. Calculate n(b).
34
Let v(n) be the third derivative of -n**6/120 + n**5/30 - n**2. Suppose 2*i - 2*i = 8*i. Suppose -14*z + 32 - 4 = i. What is v(z)?
0
Let f(x) = -x**3 + 7*x**2 + 4*x + 6. Let w(q) = -q**3 + 7*q**2 + 3*q + 6. Let i(a) = 4*f(a) - 3*w(a). Suppose 445*p - 456*p + 88 = 0. Determine i(p).
-2
Let i = -2038 - -2031. Let q(d) = -d**2 - 4*d + 17. Give q(i).
-4
Let k(v) = -v - 10. Let m = -25 + 28. Let w be (-11)/1*(3 - 0)/m. Determine k(w).
1
Let n = -225 + 676/3. Let k(q) be the first derivative of 5/2*q**2 - 4 - n*q**3 + 5*q. What is k(6)?
-1
Let g be 65/(-5) + 3 + (-5)/(-1). Let n(m) = -m**3 + 3*m**2 - 2*m - 5. Let x(y) = y**3 + y**2 + y. Let d(s) = -n(s) - 2*x(s). What is d(g)?
5
Let p(w) = -3*w**2 + w - 15. Let b = -8 - -13. Let q(d) = 2*d**2 - d + 8. Let l(k) = b*q(k) + 3*p(k). Let o(h) = 144*h - 1580. Let y be o(11). What is l(y)?
3
Let c(y) = -3*y - 5. Let t(k) = -45*k**2 + 0*k**3 + 42*k**2 - k**3 + 4. Let h be t(-3). What is c(h)?
-17
Let f(t) be the second derivative of t**2 - 1/12*t**4 + 4*t + 0 - 1/3*t**3. Give f(-4).
-6
Let o(y) be the third derivative of -9*y**2 + 0*y - 7/24*y**4 + 1/3*y**3 + 0 - 1/60*y**5. Calculate o(-7).
2
Let p = 123 + -115. Let j(c) = -c + 8. Calculate j(p).
0
Let o(x) be the first derivative of x**5/20 + 5*x**4/12 + 3*x**2 - 34*x - 2. Let a(w) be the first derivative of o(w). Determine a(-5).
6
Let w(g) = 9*g**2 - 15*g - 9. Let o(s) = -11*s**2 + 16*s + 11. Let a(q) = -5*o(q) - 6*w(q). Give a(-12).
23
Let a(h) = h**3 + 6*h**2 + 3*h. Suppose -4*z + 8*z = 72. Let b = -24 + z. Calculate a(b).
-18
Suppose 4*u + u + 5*o = 0, 4*o - 5 = -5*u. Let m(r) = -2*r**2 + 7*r - 4. Determine m(u).
-19
Let v(z) = -z**2 - 7*z - 7. Let y be v(-4). Suppose -y*n = -2*n + 9. Let m(c) be the third derivative of c**4/6 + 2*c**3/3 - c**2. What is m(n)?
-8
Let g(j) = -4*j**3 - 2*j**